2 - (-8 - 1)))?
-31
Calculate 0 - -80 - (67 - (-6 + 53)) - 19.
41
What is the value of -8 + -91 + (6 - -48)?
-45
What is the value of 22 + -69 + 54 - -55?
62
What is (15 - 23 - (-3 - (-67 - 0))) + 26 + -35?
-81
Calculate -53 - (-62 + 41 + -24).
-8
0 + -16 + -300 + 295 + (0 + -9 - -15)
-15
Evaluate (-117 + 264 - 55) + (2 - 3 - (10 - 1)).
82
(0 - -15) + (-35 - -30) + -8
2
What is (-1 + 23 - 19) + 2 + (-5 - 0) + 19?
19
What is the value of -47 + 36 + (85 - 31)?
43
Calculate -22 - -7 - (-35 + 5) - -10.
25
What is 146 + (48 - 89) - 62?
43
What is the value of -3 + 1 + 12 - 1 - (-1 + -57)?
67
What is 1 + -8 + (-182 - -188 - (3 + -17))?
13
Calculate (-2 + 9 - (49 + -47)) + -16 + (-12 - 42).
-65
4 + (38 - 21 - -1) - 21
1
Calculate 36 + 1 + 1 - (-157 + 147).
48
What is -25 - (-32 - -54 - 110)?
63
Calculate (10 - 19) + (-40 - -40) - (3 + 31).
-43
(-1 + (-3 - -21) - 18) + -13
-14
Evaluate -11 - (28 - (-42 - -50)).
-31
8 + (4 - 8) + (-6 + -2 - 9)
-13
What is -18 - (-25 + 8 - -2)?
-3
Evaluate -80 + (-76 - -109 - -82).
35
-377 + 367 - (-1 + -11) - (-8 - 2) - 2
10
What is the value of (-20 - (-6 - 17)) + 2 + -2 - -29 - 9?
23
Evaluate (0 - -67) + -111 + -12.
-56
31 + 25 + (-6 - (-48 - -32))
66
Evaluate (82 - 34 - 138) + 56.
-34
Calculate (43 - 45 - (0 + 18 + -9)) + (0 - -7).
-4
Calculate (-31 - 43 - -27) + 34.
-13
Calculate (10 - (-2 + 1)) + (31 + -1 - (3620 - 3496)).
-83
What is the value of -26 + -4 + (7 - -11) + 1?
-11
What is 9 + (14 + (1 + 10 - 24) - 12)?
-2
Calculate -63 - (40 - (141 - 57)).
-19
What is the value of 36 + (57 - 93) - (-9 - -2)?
7
What is the value of 0 + 27 + -7 + -21 + 76 + 3?
78
102 + (21 + -18 - 17 - 11 - -24)
101
What is the value of -80 - -23 - (2 - (1 + 4 + 2 + -7))?
-59
Evaluate 8 - ((16 - 25) + 24).
-7
Calculate -39 - -6 - (-3 - -2 - (19 + -25)).
-38
What is -210 + 230 - (6 - (-10 + -2))?
2
What is 109 - (-7 - (-36 + 30) - (-19 - -1 - -2))?
94
Evaluate -4 + 0 + (-8817 + 8882 - (1 + -3)).
63
Calculate (10 - (-25 + (16 - -28) + (-1 - 5))) + -105.
-108
What is (69 - (87 + -32)) + 1?
15
What is -9 + 19 + -26 + 23?
7
-1 - 4 - (9 + -5 + -4 - (10 + 28))
33
What is -124 + (-76 - -188 - 76)?
-88
Evaluate 1 + -115 + (618 - 611).
-107
What is (-18 - -20) + 27 + -11 + -12?
6
Calculate 1 + -3 + 3 - -59 - (1128 - 1117).
49
(13 - (-14 + 21 + -7)) + -74
-61
What is (-6 - -5) + 5 - ((-11 - 12) + 24)?
3
What is the value of 44 - (-3 - (17 - 5) - -34)?
25
What is (46 - (-18 - -52)) + 2 + -12?
2
What is (-55 - (18 + (14 - 15))) + 25?
-47
What is the value of (-49 + 58 - 36) + 51?
24
17 + (0 - 59) + -6 + (3 - -7)
-38
-7429 + 7396 + -12 + -1
-46
Evaluate 99 + (28 - (-14 - -59)) + -2.
80
Evaluate (-19 - (-2 - 5 - (-3 - -2))) + 26 + 104.
117
What is 7 - (34 + -6 + -17) - -130?
126
(0 - (-7 + (-2 - -4))) + -57 - (-7 + 8)
-53
-15 + 0 + 1 - (-2782 - -2809)
-41
What is the value of -93 + 87 - (2 - 2) - -66?
60
What is -5 - ((-24 - -41) + (2 - -9 - 2))?
-31
Calculate (3 - 5) + 9 + 1 - (-62 + (-16 - -50)).
36
(-8 - (2 + -55)) + 72 + -46
71
Calculate 0 - 3 - (0 - -62) - (-46 + 9 + 37).
-65
What is the value of -4 - -1 - (-5 + 6 + -23) - (5 + 0)?
14
What is 6 + -15 - (-39 + 35) - -31 - -8?
34
Evaluate 1 - (1 + 2) - ((-29 - -2) + -10).
35
Evaluate 89 + -86 + -5 + (3 - (0 - -1)) - 19.
-19
What is (-51 - -174 - 158) + (27 - 0)?
-8
Evaluate 46 - (0 + -9 + 539 + -515).
31
What is the value of 77 + -76 + (-10 + -56 - -7)?
-58
Calculate 128 + -237 + 42 + -59.
-126
Evaluate (-67 - (-40 + -5)) + 30.
8
What is -11 - (11 - (1 + 1) - (27 - (40 - 33)))?
0
What is (-228 - -188) + 10 + 4?
-26
What is -104 - -1 - (141 + -162)?
-82
Calculate -47 + (117 - 65) + 38.
43
What is -32 + 35 - (101 - (3 - (3 - 3)))?
-95
What is (-318 - -337) + (17 - (-2 + 2))?
36
What is -3 + (98 + 2 + (-25 - -13) - (5 - 10))?
90
What is 36 - ((1426 - 1401) + (-6 - 2) + -2)?
21
What is (19 - (13 - 5)) + 40 + -63?
-12
Calculate 5 + -11 + 4 - (-214 - -148).
64
Calculate (-11 - 0) + 3 + -90 + 108 + 28.
38
What is the value of 16 + (5 + -3 + 0 + -12 - (-581 - -574))?
13
What is -123 - -1 - (5599 - 5686)?
-35
3 + (-14 - ((-9 - -17) + -41)) + -11
11
Calculate 1 + 1 - -19 - (501 + -247 + -217).
-16
Evaluate 17 + 0 + (-643 - -680).
54
Evaluate 32 - ((222 - 231) + 22 + 3).
16
What is -15 - (4 - (-12 + 6)) - (-2 - -1)?
-24
Calculate ((3 - 7) + 11 - -1 - 29) + 5.
-16
(-379 - -104) + 103 - -116
-56
Calculate 65 - (-10 + -1 + 33).
43
What is 7 + -6 + -33 + -12 + 0 + 5 + 10?
-29
What is the value of 353 - 318 - (-6 - -44 - 11)?
8
Evaluate 0 + -38 - (94 + -92).
-40
What is (6 + 12 - (-20 + 47 + -11)) + -84?
-82
Evaluate (-5 - 1 - -8) + (-26 - -36) + -32.
-20
What is the value of 2 + (9 - 0) + -18 + -11 + 29?
11
Evaluate (-15 - (-25 - -16)) + (24 - 14 - (1 + 75)).
-72
Calculate (-10 - (-42 + 47)) + 54.
39
What is the value of -63 + (7 + -16 - (-13 - (-3 - 1)))?
-63
What is the value of (17 + -2 - ((-14 - 17) + 36)) + (-1 - 1)?
8
Evaluate 29 - (19 + (-67 - -33)) - 11.
33
Calculate 82 - (36 + -41 + 12).
75
What is the value of -2 - (4 + (-3 - 0)) - (14 + 6 + -56)?
33
What is the value of -27 - 7 - (-5 + 23 + -20)?
-32
-50 + 1 + -2 - (2131 - 2139)
-43
4 + -2 + -32 + -6 + (-7 - (-4 - 13))
-26
Calculate 27 - ((5132 - 5148) + (1 - (-3 - -5)) + 14).
30
125 + -61 + 104 - 47
121
Evaluate (-102 + 115 - (-1 + -37)) + (14 - 1).
64
What is 11 + -56 - (-15 + -3 + 0 + 1)?
-28
Evaluate (-14 - -26) + 0 - 56.
-44
(9 - (-4 + 3)) + 1210 + -1239
-19
-2 - -22 - (31 + -16 + -12 + 18 + -12)
11
Evaluate (17 - 34) + 7 - 10 - -23.
3
What is the value of 37 + (74 - 9) + -36?
66
What is the value of 3 - (15 + -32 + 17)?
3
What is the value of -112 - (62 + -108) - (2 - (11 + 3))?
-54
What is the value of 22 + (9 - 10) + (12 - (-30 + 166))?
-103
What is 65 - ((-12 - -24) + 124)?
-71
36 - (-46 - (4 + -66))
20
Calculate -2 - (6 + -4 + -17 + -3).
16
What is the value of (26 + -13 + (10 - 2) - 5) + -4?
12
Calculate 27 + -1 - (2630 - 2623).
19
What is 21 + -21 + -17 + 7 + -2 + 61?
49
What is (5 - (9 - 4)) + -7 + 17 - 28?
-18
-19 - (-4 - -22) - (-2 + -24)
-11
What is the value of -1 + -40 - (809 - 861)?
11
Evaluate 46 - (174 - (-23 - -98)).
-53
Evaluate -3 - (4 - -3 - (-42 + 61)).
9
-233 + 249 - (20 + 2)
-6
What is 25 - (77 - 109) - 124?
-67
3 - (78 + -129) - 2
52
What is (0 + 8 - -16) + -16 + (-6 - -9) + -41?
-30
Calculate (4495 - 4513) + (-1 - -81).
62
What is -1 - -13 - (58 - ((-16 + 53 - 23) + -13))?
-45
What is the value of 13 + (-32 - 1) + (6 - -56)?
42
What is the value of (297 - 272) + (-8 - (6 + -4)) - 14?
1
What is 0 + -29 - (36 + (-69 - -34))?
-30
What is the value of (108 - 3 - 3) + 29 + 23 + -57?
97
What is 58 - ((3 - 2) + -2 - (25 - (34 - 11)))?
61
14 + -27 + -8 + (-4 - -20)
-5
What is the value of 216 + -90 - 125 - (-100 - -1)?
100
-867 + 839 + -1 + -1
-30
-49 + -28 + (5 - -7 - 8 - -9)
-64
Calculate -279 + 319 - (-4 + 0) - 20.
24
What is -50 + (12 - 12 - -14) + -2 + 14?
-24
What is -30 + -4 + 3 + -42 + 24?
-49
(-51 - -37) + (36 - 1) - 101
-80
What is the value of (-12 - -32) + 24 + -26 - 26?
-8
Evaluate (9 - -1) + 2 + -3 + (13 - 21) + -24.
-23
Evaluate 19 - (-20 - -24) - 70 - (0 + -12).
-43
What is 0 + (-40 - 15 - -106)?
51
What is the value of 44 + (11 - 9) + -49 + -1?
-4
-10143 - -10090 - (2 + 2 + -35)
-22
What is (19 - 26 - 27) + -6?
-40
What is the value of -79 - (-1 - 3) - (16 + -24 - -8) - -9?
-66
(0 + -49 - (41 - 39)) + -3 + 11
-43
Calculate 22 + (-138 + 97 - (0 + 8)).
-27
Evaluate -20 - (-182 - -168) - (-65 - 1).
60
-13 + -53 + (5 - -130)
69
What is 0 + -3 + -16 + (15 - 18) + (58 - 43)?
-7
What is 54 - ((-13 - (16 + -40)) + -4)?
47
Calculate 58 + 44 + -106 + 40.
36
What is (1 - -42) + (-2505 - -2419)?
-43
Evaluate -18 + 16 + 3 + -44 - (-1 - 6 - 5).
-31
(7 + -9 + 11 - 9) + (29 - -4)
33
(-68 - -48) + 1 + -36
-55
Evaluate (56 - (13 + (2 - 10))) + (90 - 99).
42
What is -32 + -12 + 17 + -1 + 0 + 2?
-26
What is 26 + -120 + 28 - ((3 - 12 - 4) + 3)?
-56
-5 - ((9 - 18) + (7 + -3 - 5)) - 70
-65
Evaluate -27 - (-40 + 29 - -111) - -26.
-101
What is (-12 - 1) + (2079 - 2097)?
-31
What is the value of (-10 - (9 + (15 - 39) - 23)) + -11?
17
What is the value of 96 + 35 + -64 + -26?
41
(-23 - (-9 + 25 + -68)) + 11
40
What is the value of -22 + -26 + (-2 - 1 - 13)?
-64
Calculate (-11 - -2) + 31 + (6 - -8) - -8.
44
What is the value of -35 + (-